mainder when 250 is divided by 11?
8
What is the remainder when 474 is divided by 19?
18
What is the remainder when 6718 is divided by 105?
103
Calculate the remainder when 344 is divided by 23.
22
What is the remainder when 38608 is divided by 39?
37
Calculate the remainder when 103 is divided by 2.
1
Calculate the remainder when 505 is divided by 48.
25
Calculate the remainder when 26206 is divided by 126.
124
What is the remainder when 539 is divided by 90?
89
Calculate the remainder when 302 is divided by 299.
3
Calculate the remainder when 1356 is divided by 68.
64
Calculate the remainder when 1726 is divided by 10.
6
What is the remainder when 67637 is divided by 152?
149
What is the remainder when 5935 is divided by 16?
15
What is the remainder when 202 is divided by 58?
28
What is the remainder when 220 is divided by 18?
4
Calculate the remainder when 53 is divided by 11.
9
What is the remainder when 128 is divided by 10?
8
Calculate the remainder when 1507 is divided by 21.
16
Calculate the remainder when 120 is divided by 50.
20
What is the remainder when 2325 is divided by 1160?
5
Calculate the remainder when 1119 is divided by 558.
3
Calculate the remainder when 752 is divided by 29.
27
Calculate the remainder when 52 is divided by 9.
7
Calculate the remainder when 108 is divided by 16.
12
Calculate the remainder when 968 is divided by 21.
2
What is the remainder when 450 is divided by 62?
16
What is the remainder when 1035 is divided by 257?
7
Calculate the remainder when 2427 is divided by 54.
51
What is the remainder when 567 is divided by 28?
7
What is the remainder when 123 is divided by 26?
19
What is the remainder when 27 is divided by 14?
13
What is the remainder when 171 is divided by 25?
21
What is the remainder when 390 is divided by 21?
12
Calculate the remainder when 7366 is divided by 321.
304
What is the remainder when 149 is divided by 31?
25
What is the remainder when 2493 is divided by 192?
189
What is the remainder when 287 is divided by 58?
55
Calculate the remainder when 74 is divided by 45.
29
What is the remainder when 119 is divided by 38?
5
What is the remainder when 140 is divided by 66?
8
Calculate the remainder when 534 is divided by 77.
72
Calculate the remainder when 140 is divided by 27.
5
What is the remainder when 663 is divided by 328?
7
Calculate the remainder when 432 is divided by 51.
24
What is the remainder when 510 is divided by 73?
72
What is the remainder when 141 is divided by 29?
25
What is the remainder when 12479 is divided by 390?
389
What is the remainder when 130 is divided by 48?
34
What is the remainder when 2342 is divided by 6?
2
What is the remainder when 103 is divided by 28?
19
What is the remainder when 393 is divided by 144?
105
Calculate the remainder when 309 is divided by 24.
21
What is the remainder when 193 is divided by 26?
11
What is the remainder when 213 is divided by 73?
67
Calculate the remainder when 1448 is divided by 29.
27
What is the remainder when 1459 is divided by 111?
16
What is the remainder when 57 is divided by 15?
12
Calculate the remainder when 158 is divided by 25.
8
Calculate the remainder when 1047 is divided by 266.
249
What is the remainder when 91 is divided by 15?
1
Calculate the remainder when 826 is divided by 258.
52
What is the remainder when 887 is divided by 442?
3
Calculate the remainder when 208 is divided by 15.
13
Calculate the remainder when 75360 is divided by 221.
220
Calculate the remainder when 90 is divided by 19.
14
What is the remainder when 581 is divided by 73?
70
What is the remainder when 216 is divided by 45?
36
Calculate the remainder when 412 is divided by 52.
48
Calculate the remainder when 388 is divided by 31.
16
What is the remainder when 463 is divided by 5?
3
What is the remainder when 63 is divided by 17?
12
Calculate the remainder when 1757 is divided by 11.
8
What is the remainder when 236 is divided by 22?
16
What is the remainder when 50 is divided by 9?
5
Calculate the remainder when 76 is divided by 39.
37
Calculate the remainder when 279 is divided by 38.
13
Calculate the remainder when 501 is divided by 484.
17
Calculate the remainder when 806 is divided by 39.
26
What is the remainder when 97 is divided by 96?
1
What is the remainder when 727 is divided by 323?
81
Calculate the remainder when 139 is divided by 56.
27
Calculate the remainder when 191 is divided by 48.
47
Calculate the remainder when 58 is divided by 30.
28
Calculate the remainder when 179 is divided by 52.
23
Calculate the remainder when 853 is divided by 172.
165
What is the remainder when 255 is divided by 88?
79
What is the remainder when 1081 is divided by 57?
55
Calculate the remainder when 315 is divided by 79.
78
What is the remainder when 310 is divided by 78?
76
Calculate the remainder when 70 is divided by 28.
14
Calculate the remainder when 64 is divided by 26.
12
Calculate the remainder when 278 is divided by 56.
54
What is the remainder when 961 is divided by 13?
12
Calculate the remainder when 812 is divided by 8.
4
What is the remainder when 5364 is divided by 37?
36
Calculate the remainder when 15298 is divided by 102.
100
Calculate the remainder when 5666 is divided by 8.
2
What is the remainder when 48 is divided by 9?
3
What is the remainder when 51 is divided by 11?
7
Calculate the remainder when 2812 is divided by 67.
65
What is the remainder when 542 is divided by 15?
2
Calculate the remainder when 562 is divided by 82.
70
What is the remainder when 467 is divided by 18?
17
What is the remainder when 543 is divided by 109?
107
Calculate the remainder when 57 is divided by 7.
1
What is the remainder when 570 is divided by 44?
42
What is the remainder when 807 is divided by 172?
119
What is the remainder when 1218 is divided by 135?
3
What is the remainder when 917 is divided by 60?
17
What is the remainder when 1673 is divided by 35?
28
Calculate the remainder when 767 is divided by 35.
32
What is the remainder when 3883 is divided by 111?
109
What is the remainder when 7957 is divided by 346?
345
Calculate the remainder when 632 is divided by 127.
124
What is the remainder when 451 is divided by 24?
19
What is the remainder when 2321 is divided by 18?
17
What is the remainder when 1241 is divided by 27?
26
Calculate the remainder when 441 is divided by 24.
9
What is the remainder when 126 is divided by 66?
60
Calculate the remainder when 764 is divided by 16.
12
What is the remainder when 532 is divided by 176?
4
Calculate the remainder when 79 is divided by 5.
4
Calculate the remainder when 202 is divided by 40.
2
Calculate the remainder when 681 is divided by 27.
6
What is the remainder when 56279 is divided by 210?
209
Calculate the remainder when 7134 is divided by 509.
8
Calculate the remainder when 16522 is divided by 13.
12
What is the remainder when 856 is divided by 125?
106
Calculate the remainder when 490 is divided by 148.
46
What is the remainder when 109 is divided by 93?
16
Calculate the remainder when 1532 is divided by 1511.
21
Calculate the remainder when 95 is divided by 18.
5
What is the remainder when 169 is divided by 58?
53
Calculate the remainder when 4158 is divided by 5.
3
What is the remainder when 1065 is divided by 105?
15
Calculate the remainder when 378 is divided by 95.
93
Calculate the remainder when 265 is divided by 14.
13
Calculate the remainder when 3849 is divided by 15.
9
Calculate the remainder when 5216 is divided by 9.
5
Calculate the remainder when 103 is divided by 54.
49
What is the remainder when 1141 is divided by 76?
1
Calculate the remainder when 777 is divided by 12.
9
Calculate the remainder when 229 is divided by 114.
1
Calculate the remainder when 833 is divided by 104.
1
What is the remainder when 716 is divided by 72?
68
What is the remainder when 2450 is divided by 91?
84
What is the remainder when 6175 is divided by 1?
0
What is the remainder when 192 is divided by 14?
10
What is the remainder when 493 is divided by 279?
214
What is the remainder when 220 is divided by 14?
10
What is the remainder when 1808 is divided by 14?
2
Calculate the remainder when 3804 is divided by 32.
28
Calculate the remainder when 226 is divided by 77.
72
Calculate the remaind